{"id":49,"date":"2021-07-01T09:39:06","date_gmt":"2021-07-01T09:39:06","guid":{"rendered":"http:\/\/www.tradycja-swidnica.org.pl\/?page_id=49"},"modified":"2023-06-13T18:49:28","modified_gmt":"2023-06-13T18:49:28","slug":"z-historii-naszego-duszpasterstwa","status":"publish","type":"page","link":"http:\/\/www.tradycja-swidnica.org.pl\/index.php\/z-historii-naszego-duszpasterstwa\/","title":{"rendered":"Z historii naszego duszpasterstwa"},"content":{"rendered":"\r\n<p>&nbsp;<\/p>\r\n\r\n\r\n\r\n<p><span style=\"color: #0000ff;\"><strong>ROK 2007<\/strong><\/span><\/p>\r\n<p style=\"text-align: justify;\"><span style=\"color: #000000;\"><strong><a style=\"color: #000000;\" href=\"https:\/\/sanctus.pl\/index.php?grupa=215&amp;podgrupa=259&amp;doc=195\">Pierwsza Msza w Wa\u0142brzychu <\/a>(13.05.2007) <\/strong><\/span><\/p>\r\n<p>&nbsp;<\/p>\r\n<p><span style=\"color: #0000ff;\"><strong>ROK 2008<\/strong><\/span><\/p>\r\n<p style=\"text-align: justify;\"><span style=\"color: #000000;\"> \r\n\r\n <\/span><\/p>\r\n<p style=\"text-align: justify;\"><span style=\"color: #000000;\"><strong>M<a style=\"color: #000000;\" href=\"https:\/\/sanctus.pl\/index.php?grupa=116&amp;podgrupa=368&amp;doc=312\">sza w Wa\u0142brzychu z asystencj\u0105 Biskupa Ignacego Deca<\/a> (13.01.2008) <\/strong><\/span><\/p>\r\n<p style=\"text-align: justify;\"><span style=\"color: #000000;\"> \r\n\r\n <\/span><\/p>\r\n<p style=\"text-align: justify;\"><span style=\"color: #000000;\"><strong><a style=\"color: #000000;\" href=\"https:\/\/sanctus.pl\/index.php?grupa=215&amp;podgrupa=405&amp;doc=355\">Pierwsza Msza ks. Juliana Nasta\u0142ka w Imbramowicach<\/a> (22.08.2008)<\/strong><\/span><\/p>\r\n<p>&nbsp;<\/p>\r\n<p><span style=\"color: #0000ff;\"><strong>ROK 2009<\/strong><\/span><\/p>\r\n<p style=\"text-align: justify;\"><span style=\"color: #000000;\"> \r\n\r\n <\/span><\/p>\r\n<p style=\"text-align: justify;\"><span style=\"color: #000000;\"><strong><a style=\"color: #000000;\" href=\"https:\/\/sanctus.pl\/index.php?grupa=116&amp;podgrupa=439&amp;doc=388\">Msza w Wa\u0142brzychu \u2013 Msza koronacyjna W. A. Mozarta<\/a> (28.03.2009) <\/strong><\/span><\/p>\r\n<p style=\"text-align: justify;\"><span style=\"color: #000000;\"> \r\n\r\n <\/span><\/p>\r\n<p style=\"text-align: justify;\"><span style=\"color: #000000;\"><strong>Msza w Wa\u0142brzychu \u2013 Requiem W. A. Mozarta (2.11.2011) <a style=\"color: #000000;\" href=\"https:\/\/sanctus.pl\/index.php?grupa=215&amp;podgrupa=509&amp;doc=460\">cz. I<\/a> <a style=\"color: #000000;\" href=\"https:\/\/kosciol.wiara.pl\/doc\/1007645.Geniusz-niepokorny\">cz. II<\/a><\/strong><\/span><\/p>\r\n<p style=\"text-align: justify;\"><span style=\"color: #000000;\"> \r\n\r\n <\/span><\/p>\r\n<p>&nbsp;<\/p>\r\n<p><strong><span style=\"color: #0000ff;\">ROK 2012<\/span><\/strong><\/p>\r\n<p style=\"text-align: justify;\"><span style=\"color: #000000;\"><strong><a style=\"color: #000000;\" href=\"https:\/\/swidnica.gosc.pl\/doc\/1304153.Blizej-Swietego\">Pocz\u0105tek czwartkowych Mszy w katedrze<\/a> (20.09.2012)\u00a0<\/strong><\/span><\/p>\r\n<p style=\"text-align: justify;\"><span style=\"color: #000000;\"> \r\n\r\n <\/span><\/p>\r\n<p>&nbsp;<\/p>\r\n<p><strong><span style=\"color: #0000ff;\">ROK 2013<\/span><\/strong><\/p>\r\n<p style=\"text-align: justify;\"><span style=\"color: #000000;\"><strong><a style=\"color: #000000;\" href=\"https:\/\/www.niedziela.pl\/artykul\/104230\/nd\/Chrzest-w-starszej-formie-rytu-rzymskiego\">Chrzest w Strzegomiu<\/a> (5.01.2013)<\/strong><\/span><\/p>\r\n<p style=\"text-align: justify;\"><span style=\"color: #000000;\"> \r\n\r\n <\/span><\/p>\r\n<p style=\"text-align: justify;\"><span style=\"color: #000000;\"><strong><a style=\"color: #000000;\" href=\"https:\/\/swidnica.gosc.pl\/gal\/spis\/1791340.Zakonczenie-Roku-Wiary-Nieszpory\">Nieszpory na zako\u0144czenie Roku Wiary<\/a> (24.11.2013) <\/strong><\/span><\/p>\r\n<p style=\"text-align: justify;\"><span style=\"color: #000000;\"> \r\n\r\n <\/span><\/p>\r\n<p style=\"text-align: justify;\"><span style=\"color: #000000;\"><strong><a style=\"color: #000000;\" href=\"https:\/\/swidnica.gosc.pl\/doc\/1827464.Koledy-po-polsku-i-po-lacinie\">Msza i koncert kol\u0119d w \u015awidnicy<\/a> (29.12.2013)<\/strong><\/span><\/p>\r\n<p style=\"text-align: justify;\"><span style=\"color: #000000;\"> \r\n\r\n <\/span><\/p>\r\n<p>&nbsp;<\/p>\r\n<p><span style=\"color: #0000ff;\"><strong>ROK 2014<\/strong><\/span><\/p>\r\n<p style=\"text-align: justify;\"><span style=\"color: #000000;\"><strong><a style=\"color: #000000;\" href=\"https:\/\/swidnica.gosc.pl\/doc\/2232322.Katafalk-katechizuje\">Msza Requiem<\/a> (2.11.2014)<\/strong><\/span><\/p>\r\n<p style=\"text-align: justify;\"><span style=\"color: #000000;\"> \r\n\r\n <\/span><\/p>\r\n<p>&nbsp;<\/p>\r\n<p><span style=\"color: #0000ff;\"><strong>ROK 2015<\/strong><\/span><\/p>\r\n<p style=\"text-align: justify;\"><span style=\"color: #000000;\"><strong><a style=\"color: #000000;\" href=\"https:\/\/swidnica.gosc.pl\/doc\/2335331.Trydencka-znowu-w-Krzyzu\">Powr\u00f3t Mszy do ko\u015bcio\u0142a Krzy\u017ca \u015awi\u0119tego w \u015awidnicy<\/a> (25.01.2015) <\/strong><\/span><\/p>\r\n<p style=\"text-align: justify;\"><span style=\"color: #000000;\"> \r\n\r\n <\/span><\/p>\r\n<p style=\"text-align: justify;\"><span style=\"color: #000000;\"><strong><a style=\"color: #000000;\" href=\"https:\/\/swidnica.gosc.pl\/doc\/2363015.Popiol-rozsypany\">Procesja pokutna w \u015arod\u0119 Popielcow\u0105<\/a> (2015)<\/strong><\/span><\/p>\r\n<p style=\"text-align: justify;\"><span style=\"color: #000000;\"> \r\n\r\n <\/span><\/p>\r\n<p style=\"text-align: justify;\"><span style=\"color: #000000;\"><strong><a style=\"color: #000000;\" href=\"https:\/\/swidnica.gosc.pl\/doc\/2397078.Lumen-fidei-inauguracja\">Inauguracja katechez dla doros\u0142ych \u201eLumen fidei\u201d<\/a> (18.03.2015) <\/strong><\/span><\/p>\r\n<p style=\"text-align: justify;\"><span style=\"color: #000000;\"> \r\n\r\n <\/span><\/p>\r\n<p style=\"text-align: justify;\"><span style=\"color: #000000;\"><strong><a style=\"color: #000000;\" href=\"https:\/\/swidnica.gosc.pl\/doc\/2796370.Swietosc-znaczy-normalnosc\">Wigilia Wszystkich \u015awi\u0119tych<\/a> (31.10.2015)<\/strong><\/span><\/p>\r\n<p style=\"text-align: justify;\"><span style=\"color: #000000;\"> \r\n\r\n <\/span><\/p>\r\n<p style=\"text-align: justify;\"><span style=\"color: #000000;\"><strong><a style=\"color: #000000;\" href=\"https:\/\/swidnica.gosc.pl\/doc\/2799523.Za-20-lat-nie-beda-zamawiac-Mszy-sw\">Msza Requiem<\/a> (2.11.2015)<\/strong><\/span><\/p>\r\n<p style=\"text-align: justify;\"><span style=\"color: #000000;\"> \r\n\r\n <\/span><\/p>\r\n<p>&nbsp;<\/p>\r\n<p><span style=\"color: #0000ff;\"><strong>ROK 2016<\/strong><\/span><\/p>\r\n<p style=\"text-align: justify;\"><span style=\"color: #000000;\"><strong><a style=\"color: #000000;\" href=\"https:\/\/swidnica.gosc.pl\/doc\/2970008.Wielki-Post-rozpoczety\">Procesja pokutna w \u015arod\u0119 Popielcow\u0105<\/a> (2016)<\/strong><\/span><\/p>\r\n<p style=\"text-align: justify;\"><span style=\"color: #000000;\"> \r\n\r\n <\/span><\/p>\r\n<p style=\"text-align: justify;\"><span style=\"color: #000000;\"><strong><a style=\"color: #000000;\" href=\"https:\/\/swidnica.gosc.pl\/doc\/3530001.Swietowali-tak-jak-nakazuje-Tradycja\">Wigilia Wszystkich \u015awi\u0119tych<\/a> (31.10.2016)\u00a0<\/strong><\/span><\/p>\r\n<p style=\"text-align: justify;\"><span style=\"color: #000000;\"> \r\n\r\n <\/span><\/p>\r\n<p style=\"text-align: justify;\"><span style=\"color: #000000;\"><strong><a style=\"color: #000000;\" href=\"https:\/\/swidnica.gosc.pl\/doc\/3533586.Requiem-u-tradycjonalistow\">Msza Requiem<\/a> (2.11.2016)<\/strong><\/span><\/p>\r\n<p style=\"text-align: justify;\"><span style=\"color: #000000;\"> \r\n\r\n <\/span><\/p>\r\n<p style=\"text-align: justify;\"><span style=\"color: #000000;\"><strong><a style=\"color: #000000;\" href=\"https:\/\/swidnica.gosc.pl\/doc\/3570760.Adwent-rozpoczety\">Nieszpory na rozpocz\u0119cie Adwentu<\/a> (2016)<\/strong><\/span><\/p>\r\n<p style=\"text-align: justify;\"><span style=\"color: #000000;\"> \r\n\r\n <\/span><\/p>\r\n<p>&nbsp;<\/p>\r\n<p><span style=\"color: #0000ff;\"><strong>ROK 2017<\/strong><\/span><\/p>\r\n<p style=\"text-align: justify;\"><span style=\"color: #000000;\"><strong><a style=\"color: #000000;\" href=\"https:\/\/swidnica.gosc.pl\/doc\/3727206.Stolica-diecezji-zaczela-Wielki-Post-wyjatkowo\">Procesja pokutna w \u015arod\u0119 Popielcow\u0105<\/a> (2017)<\/strong><\/span><\/p>\r\n<p style=\"text-align: justify;\"><span style=\"color: #000000;\"> \r\n\r\n <\/span><\/p>\r\n<p style=\"text-align: justify;\"><span style=\"color: #000000;\"><strong><a style=\"color: #000000;\" href=\"https:\/\/swidnica.gosc.pl\/doc\/3945977.Swietowali-tradycyjnie-i-nie-tylko\">Wigilia Zes\u0142ania Ducha \u015awi\u0119tego<\/a> (2017)<\/strong><\/span><\/p>\r\n<p style=\"text-align: justify;\"><span style=\"color: #000000;\"> \r\n\r\n <\/span><\/p>\r\n<p style=\"text-align: justify;\"><span style=\"color: #000000;\"><strong><a style=\"color: #000000;\" href=\"https:\/\/swidnica.gosc.pl\/gal\/spis\/4182611.Poswiecenie-kielicha-i-pateny\">Konsekracja pateny i kielicha<\/a> (7.09.2017) <\/strong><\/span><\/p>\r\n<p style=\"text-align: justify;\"><span style=\"color: #000000;\"> \r\n\r\n <\/span><\/p>\r\n<p style=\"text-align: justify;\"><span style=\"color: #000000;\"><strong><a style=\"color: #000000;\" href=\"https:\/\/swidnica.gosc.pl\/doc\/4182601.10-lat-w-sluzbie-Tradycji\">10-lecie <em>motu proprio \u201eSummorum Pontificum\u201d<\/em><\/a> (12.09.2017)<\/strong><\/span><\/p>\r\n<p style=\"text-align: justify;\"><span style=\"color: #000000;\"> \r\n\r\n <\/span><\/p>\r\n<p style=\"text-align: justify;\"><span style=\"color: #000000;\"><strong><a style=\"color: #000000;\" href=\"https:\/\/swidnica.gosc.pl\/doc\/4289830.Na-co-komu-Wszystkich-Swietych\">Wigilia Wszystkich \u015awi\u0119tych<\/a> (31.10.2017)<\/strong><\/span><\/p>\r\n<p style=\"text-align: justify;\"><span style=\"color: #000000;\"> \r\n\r\n <\/span><\/p>\r\n<p style=\"text-align: justify;\"><span style=\"color: #000000;\"><strong><a style=\"color: #000000;\" href=\"https:\/\/swidnica.gosc.pl\/doc\/4292307.Nie-pomineli-nikogo\">Msza Requiem<\/a> (2.11.2017)<\/strong><\/span><\/p>\r\n<p style=\"text-align: justify;\"><span style=\"color: #000000;\"> \r\n\r\n <\/span><\/p>\r\n<p style=\"text-align: justify;\"><span style=\"color: #000000;\"><strong><a style=\"color: #000000;\" href=\"https:\/\/swidnica.gosc.pl\/doc\/4351740.Duch-ktory-umacnia-milosc\">Nieszpory na rozpocz\u0119cie Adwentu<\/a> (2017)<\/strong><\/span><\/p>\r\n<p style=\"text-align: justify;\"><span style=\"color: #000000;\"> \r\n\r\n <\/span><\/p>\r\n<p>&nbsp;<\/p>\r\n<p><span style=\"color: #0000ff;\"><strong>ROK 2018<\/strong><\/span><\/p>\r\n<p style=\"text-align: justify;\"><span style=\"color: #000000;\"><strong><a style=\"color: #000000;\" href=\"https:\/\/swidnica.gosc.pl\/doc\/4509505.Biskupi-chorzy-Zastepstwo-az-z-Lowicza\">Procesja pokutna w \u015arod\u0119 Popielcow\u0105<\/a> (2018)<\/strong><\/span><\/p>\r\n<p style=\"text-align: justify;\"><span style=\"color: #000000;\"> \r\n\r\n <\/span><\/p>\r\n<p style=\"text-align: justify;\"><span style=\"color: #000000;\"><strong><a style=\"color: #000000;\" href=\"https:\/\/swidnica.gosc.pl\/doc\/4628526.Jak-chrzescijanie-w-katakumbach\">5-lecie Mszy w K\u0142odzku<\/a> (8.04.2018)<\/strong><\/span><\/p>\r\n<p style=\"text-align: justify;\"><span style=\"color: #000000;\"> \r\n\r\n <\/span><\/p>\r\n<p style=\"text-align: justify;\"><span style=\"color: #000000;\"><strong>5-lecie erygowania Duszpasterstwa (<\/strong><strong>29.04.2018) <a style=\"color: #000000;\" href=\"https:\/\/swidnica.gosc.pl\/doc\/4679939.Nie-masz-odmiany-ani-zmiennosci\">cz. I<\/a> \/ <a style=\"color: #000000;\" href=\"https:\/\/www.niedziela.pl\/artykul\/137350\/nd\/5-lat-duszpasterstwa-wiernych-tradycji\">cz. II<\/a><\/strong><\/span><\/p>\r\n<p style=\"text-align: justify;\"><span style=\"color: #000000;\"> \r\n\r\n <\/span><\/p>\r\n<p style=\"text-align: justify;\"><span style=\"color: #000000;\"><strong><a style=\"color: #000000;\" href=\"https:\/\/swidnica.gosc.pl\/doc\/4741244.Tym-razem-w-jezyku-polskim\">Wigilia Zes\u0142ania Ducha \u015awi\u0119tego<\/a> (2018)<\/strong><\/span><\/p>\r\n<p style=\"text-align: justify;\"><span style=\"color: #000000;\"> \r\n\r\n <\/span><\/p>\r\n<p style=\"text-align: justify;\"><span style=\"color: #000000;\"><strong><a style=\"color: #000000;\" href=\"https:\/\/swidnica.gosc.pl\/doc\/5134679.Cierpia-ale-nie-chca-tu-wrocic\">Msza Requiem<\/a> (2.11.2018)<\/strong><\/span><\/p>\r\n<p style=\"text-align: justify;\"><span style=\"color: #000000;\"> \r\n\r\n <\/span><\/p>\r\n<p style=\"text-align: justify;\"><span style=\"color: #000000;\"><strong><a style=\"color: #000000;\" href=\"https:\/\/swidnica.gosc.pl\/gal\/spis\/5198594.I-Nieszpory-I-Niedzieli-Adwentu\">Nieszpory na rozpocz\u0119cie Adwentu<\/a> (2018)<\/strong><\/span><\/p>\r\n<p style=\"text-align: justify;\"><span style=\"color: #000000;\"> \r\n\r\n <\/span><\/p>\r\n<p>&nbsp;<\/p>\r\n<p><span style=\"color: #0000ff;\"><strong>ROK 2019<\/strong><\/span><\/p>\r\n<p style=\"text-align: justify;\"><span style=\"color: #000000;\"><strong><a style=\"color: #000000;\" href=\"https:\/\/swidnica.gosc.pl\/doc\/5378396.Procesja-pokutna-rozpoczela-czas-nawrocenia\">Procesja pokutna w \u015arod\u0119 Popielcow\u0105<\/a> (2019)<\/strong><\/span><\/p>\r\n<p style=\"text-align: justify;\"><span style=\"color: #000000;\"> \r\n\r\n <\/span><\/p>\r\n<p style=\"text-align: justify;\"><span style=\"color: #000000;\"><strong><a style=\"color: #000000;\" href=\"https:\/\/swidnica.gosc.pl\/doc\/5569713.Templariusze-w-Strzegomiu-i-Swidnicy\">Msza z udzia\u0142em templariuszy w \u015awidnicy<\/a> (18.05.2019)<\/strong><\/span><\/p>\r\n<p style=\"text-align: justify;\"><span style=\"color: #000000;\"> \r\n\r\n <\/span><\/p>\r\n<p style=\"text-align: justify;\"><span style=\"color: #000000;\"><strong><a style=\"color: #000000;\" href=\"https:\/\/swidnica.gosc.pl\/doc\/5635283.Tradycyjna-wigilia-z-neoprezbiterem\">Wigilia Zes\u0142ania Ducha \u015awi\u0119tego<\/a> (2019)<\/strong><\/span><\/p>\r\n<p style=\"text-align: justify;\"><span style=\"color: #000000;\"> \r\n\r\n <\/span><\/p>\r\n<p style=\"text-align: justify;\"><span style=\"color: #000000;\"><strong><a style=\"color: #000000;\" href=\"https:\/\/swidnica.gosc.pl\/doc\/5961675.Zalobna-Msza-trydencka-w-Dzien-Zaduszny\">Msza Requiem<\/a> (2.11.2019)<\/strong><\/span><\/p>\r\n<p style=\"text-align: justify;\"><span style=\"color: #000000;\"> \r\n\r\n <\/span><\/p>\r\n<p style=\"text-align: justify;\"><span style=\"color: #000000;\"><strong><a style=\"color: #000000;\" href=\"https:\/\/swidnica.gosc.pl\/doc\/5950314.Mala-Natalie-ochrzczono-w-rycie-trydenckim\">Chrzest i wyw\u00f3d w \u015awidnicy<\/a> (27.10.2019)<\/strong><\/span><\/p>\r\n<p style=\"text-align: justify;\"><span style=\"color: #000000;\"> \r\n\r\n <\/span><\/p>\r\n<p style=\"text-align: justify;\"><span style=\"color: #000000;\"><strong><a style=\"color: #000000;\" href=\"https:\/\/swidnica.gosc.pl\/doc\/6016032.Pierwsza-adwentowa-swieca-zaplonela\">Nieszpory na rozpocz\u0119cie Adwentu<\/a> (2019)<\/strong><\/span><\/p>\r\n<p>&nbsp;<\/p>\r\n<p><span style=\"color: #0000ff;\"><strong>ROK 2020<\/strong><\/span><\/p>\r\n<p><strong><a href=\"https:\/\/swidnica.gosc.pl\/doc\/6181338.Biskup-o-lekarstwie-na-epidemie\" target=\"_blank\" rel=\"noopener noreferrer\"><span style=\"color: #000000;\">Procesja pokutna w \u015arod\u0119 Popielcow\u0105 (2020)<\/span><\/a><\/strong><\/p>\r\n<p><strong><span style=\"color: #000000;\"><a style=\"color: #000000;\" href=\"https:\/\/swidnica.gosc.pl\/gal\/spis\/6330625.Swidnica-Wigilia-z-duszpasterstwem-wiernych-tradycji-lacinskiej\" target=\"_blank\" rel=\"noopener noreferrer\">Wigilia Zes\u0142ania Ducha \u015awi\u0119tego (2020)<\/a><\/span><\/strong><\/p>\r\n<p><strong>Msza \u015bw. solenna w uroczysto\u015b\u0107 \u015awi\u0119tego Micha\u0142a Archanio\u0142a (29.09.2020)<\/strong><\/p>\r\n<p><strong><a href=\"https:\/\/swidnica.gosc.pl\/doc\/6597040.Tradycyjna-wigilia-ze-swietymi\"><span style=\"color: #000000;\">Wigilia Wszystkich \u015awi\u0119tych<\/span><\/a><span style=\"color: #000000;\"> (31.10.2020)<\/span><\/strong><\/p>\r\n<p><span style=\"color: #000000;\"> \r\n\r\n <\/span><\/p>\r\n<p><span style=\"color: #000000;\"><strong><a style=\"color: #000000;\" href=\"https:\/\/swidnica.gosc.pl\/doc\/6599499.Zaduszki-u-tradycjonalistow\">Msza Requiem<\/a> (2.11.2020)<\/strong><\/span><\/p>\r\n<p><span style=\"color: #000000;\"><strong><a style=\"color: #000000;\" href=\"https:\/\/swidnica.gosc.pl\/doc\/6630330.Liturgia-godzin-biskup-zaczal-Adwent\">Nieszpory na rozpocz\u0119cie Adwentu<\/a> (29.11.2020)<\/strong><\/span><\/p>\r\n<p>&nbsp;<\/p>\r\n<p><span style=\"color: #0000ff;\"><strong>ROK 2021<\/strong><\/span><\/p>\r\n<p><a href=\"https:\/\/swidnica.gosc.pl\/gal\/spis\/6753537.Swidnica-Kolejny-chrzest-w-rycie-trydenckim\" target=\"_blank\" rel=\"noopener\"><span style=\"color: #000000;\"><strong>Chrzest i wyw\u00f3d<\/strong><\/span><\/a><a href=\"https:\/\/swidnica.gosc.pl\/gal\/spis\/6753537.Swidnica-Kolejny-chrzest-w-rycie-trydenckim\" target=\"_blank\" rel=\"noopener\"><span style=\"color: #000000;\"><strong> w \u015awidnicy 28.02.2021<\/strong><\/span><\/a><\/p>\r\n<p><a href=\"https:\/\/www.katedra.swidnica.pl\/wigilia-zeslania-ducha-swietego\/\">Wigilia Zes\u0142ania Ducha \u015awi\u0119tego 23.05.2021<\/a><\/p>\r\n<p><a href=\"https:\/\/swidnica.gosc.pl\/doc\/6913399.Prymicje-u-tradycjonalistow?fbclid=IwAR0PV7KzOAs3bWjnzCMu2jKEcTIo98vyGzHvIsLJ13ralyMEoWwD_6QVXHk\" target=\"_blank\" rel=\"noopener\"><span style=\"color: #000000;\"><strong>Msza prymicyjna ks. Wojciecha Pawliny (6.06.2021)<\/strong><\/span><\/a><\/p>\r\n<p><a href=\"https:\/\/www.katedra.swidnica.pl\/nieszpory-z-uroczystosci-wszystkich-swietych\/\">Wigilia Wszystkich \u015awi\u0119tych 31.10,2021<\/a><\/p>\r\n<p><a href=\"https:\/\/www.katedra.swidnica.pl\/nieszporami-rozpoczelismy-adwent\/\">Nieszpory na rozpocz\u0119cie Adwentu 27.11.2021<\/a><\/p>\r\n<p>&nbsp;<\/p>\r\n<p><span style=\"color: #0000ff;\"><strong>ROK 2022<\/strong><\/span><\/p>\r\n<p><a href=\"https:\/\/swidnica.gosc.pl\/gal\/pokaz\/7481366.Tak-sie-konczy-swiete-Triduum-Paschalne\/20\">Nieszpory chrzcielne 17.04.2022<\/a><\/p>\r\n<p><a href=\"https:\/\/swidnica.gosc.pl\/gal\/pokaz\/7481366.Tak-sie-konczy-swiete-Triduum-Paschalne\/20\">Tak-sie-konczy-swiete-Triduum-Paschalne<\/a><\/p>\r\n<p><a href=\"https:\/\/www.niedziela.pl\/zdjecia\/5832\/Swidnica-Liturgia-Zeslania-Ducha-Swietego\">Wigilia Zes\u0142ania Ducha \u015awi\u0119tego 4.06.2022<\/a><\/p>\r\n<p><a href=\"https:\/\/swidnica.gosc.pl\/gal\/spis\/7848745.Swidnica-Wizytacja-u-tradycjonalistow\">Wizytacja kanoniczna Duszpasterstwa 25.09.2022<\/a><\/p>\r\n<p><a href=\"https:\/\/swidnica.gosc.pl\/gal\/spis\/7916776.Swidnica-Tradycyjna-Wigilia-Uroczystosci-Wszystkich-Swietych\">Wigilia Wszystkich \u015awi\u0119tych 31.10.2022<\/a><\/p>\r\n<p><a href=\"https:\/\/swidnica.gosc.pl\/doc\/7921995.Swidnica-Tradycyjne-Requiem-w-kosciele-Swietego-Krzyza\">Msza Requiem 2.11.2022<\/a><\/p>\r\n<p><a href=\"https:\/\/swidnica.gosc.pl\/gal\/spis\/7961969.Swidnica-Pierwsze-nieszpory-Adwentu-w-katedrze\">Nieszpory na rozpocz\u0119cie Adwentu 26.11.2022<\/a><\/p>\r\n<p><a href=\"https:\/\/swidnica.gosc.pl\/doc\/7999876.Rorate-caeli-w-tradycyjnej-formie\">Msza Rorate coeli 16.12.2022<\/a><\/p>\r\n<p>&nbsp;<\/p>\r\n<p><span style=\"color: #0000ff;\"><strong>ROK 2023<\/strong><\/span><\/p>\r\n<p><a href=\"https:\/\/swidnica.gosc.pl\/doc\/8075661.Tradycjonalisci-pamietaja-o-Benedykcie-XVI\">Requiem za Benedykta XVI 4.02.2023<\/a><\/p>\r\n<p><a href=\"https:\/\/m.niedziela.pl\/zdjecia\/6796\/Swidnica-Zeslanie-Ducha-Swietego-z\/1\">Wigilia Zes\u0142ania Ducha \u015awi\u0119tego 27.05.2023<\/a><\/p>\r\n<hr \/>\r\n<p style=\"text-align: justify;\"><span style=\"color: #000000;\"> \r\n\r\n <\/span><\/p>\r\n<p><a href=\"https:\/\/swidnica.gosc.pl\/doc\/7955876.Muzyka-niejedno-ma-imie\">Muzyka niejedno ma imi\u0119 (Marta Moneta i \u017ce\u0144ska schola cantorum)<\/a><\/p>\r\n<p style=\"text-align: justify;\"><span style=\"color: #000000;\"><a style=\"color: #000000;\" href=\"https:\/\/www.niedziela.pl\/artykul\/99018\/nd\/Tradycyjna-liturgia-lacinska-w-diecezji\"><strong>Tradycyjna liturgia \u0142aci\u0144ska w diecezji \u015bwidnickiej (ks. Julian Nasta\u0142ek)<\/strong><\/a><\/span><\/p>\r\n<p style=\"text-align: justify;\"><span style=\"color: #000000;\"> \r\n\r\n <\/span><\/p>\r\n<p style=\"text-align: justify;\"><span style=\"color: #000000;\"> \r\n\r\n\r\n\r\n <\/span><\/p>\r\n<p style=\"text-align: justify;\"><span style=\"color: #000000;\"> \r\n\r\n <\/span><\/p>\r\n<p style=\"text-align: justify;\"><span style=\"color: #000000;\"><a style=\"color: #000000;\" href=\"https:\/\/www.pch24.pl\/tradycyjna-liturgia-laczy-z-wiara-pierwszych-wiekow,19782,i.html\"><strong>Tradycyjna liturgia \u0142\u0105czy z wiar\u0105 pierwszych wiek\u00f3w (ks. Julian Nasta\u0142ek)<\/strong><\/a><\/span><\/p>\r\n<p style=\"text-align: justify;\"><span style=\"color: #000000;\"> \r\n\r\n <\/span><\/p>\r\n<p style=\"text-align: justify;\"><span style=\"color: #000000;\"> \r\n\r\n <\/span><\/p>\r\n<p style=\"text-align: justify;\"><span style=\"color: #000000;\"><strong><a style=\"color: #000000;\" href=\"https:\/\/www.niedziela.pl\/artykul\/109957\/nd\">O Mszy trydenckiej s\u0142\u00f3w kilka<\/a> (ks. dr Zbigniew Chromy, ks. Julian Nasta\u0142ek)<\/strong><\/span><\/p>\r\n<p style=\"text-align: justify;\"><span style=\"color: #000000;\"> \r\n\r\n <\/span><\/p>\r\n<p style=\"text-align: justify;\"><span style=\"color: #000000;\"> \r\n\r\n <\/span><\/p>\r\n<p style=\"text-align: justify;\"><span style=\"color: #000000;\"><strong><a style=\"color: #000000;\" href=\"https:\/\/swidnica.gosc.pl\/doc\/2352340.Zatrzymac-sie-w-drodze\">O procesji pokutnej w \u015arod\u0119 Popielcow\u0105<\/a> (ks. dr Zbigniew Chromy)<\/strong><\/span><\/p>\r\n<p style=\"text-align: justify;\"><span style=\"color: #000000;\"> \r\n\r\n <\/span><\/p>\r\n<p style=\"text-align: justify;\"><span style=\"color: #000000;\"> \r\n\r\n <\/span><\/p>\r\n<p style=\"text-align: justify;\"><span style=\"color: #000000;\"><strong><a style=\"color: #000000;\" href=\"https:\/\/swidnica.gosc.pl\/doc\/1440847.Uproszczenia-rania\">Wywiad z ks. dr. Zbigniewem Chromym<\/a> (O liturgii eksperyment\u00f3w, postawie schizmatyckiej i niepos\u0142usze\u0144stwie wobec papie\u017ca)<\/strong><\/span><\/p>\r\n<p style=\"text-align: justify;\"><span style=\"color: #000000;\"> \r\n\r\n <\/span><\/p>\r\n<p style=\"text-align: justify;\"><span style=\"color: #000000;\"> \r\n\r\n <\/span><\/p>\r\n<p style=\"text-align: justify;\"><span style=\"color: #000000;\"><strong><a style=\"color: #000000;\" href=\"https:\/\/swidnica.gosc.pl\/doc\/2786858.Babcie-maja-racje\">Wywiad z ks. dr. Zbigniewem Chromym<\/a> (O duszach czy\u015b\u0107cowych, odpustach i klasycznej liturgii za zmar\u0142ych)<\/strong><\/span><\/p>\r\n<p style=\"text-align: justify;\">\r\n\r\n<\/p>\r\n","protected":false},"excerpt":{"rendered":"<p>&nbsp; ROK 2007 Pierwsza Msza w Wa\u0142brzychu (13.05.2007) &nbsp; ROK 2008 Msza w Wa\u0142brzychu z asystencj\u0105 Biskupa Ignacego Deca (13.01.2008) Pierwsza Msza ks. Juliana Nasta\u0142ka w Imbramowicach (22.08.2008) &nbsp; ROK 2009 Msza w Wa\u0142brzychu \u2013 Msza koronacyjna W. A. Mozarta (28.03.2009) Msza w Wa\u0142brzychu \u2013 Requiem W. A. Mozarta (2.11.2011) cz. I cz. II &nbsp; [&hellip;]<\/p>\n","protected":false},"author":1,"featured_media":108,"parent":0,"menu_order":0,"comment_status":"closed","ping_status":"closed","template":"","meta":{"footnotes":""},"class_list":["post-49","page","type-page","status-publish","has-post-thumbnail","hentry"],"_links":{"self":[{"href":"http:\/\/www.tradycja-swidnica.org.pl\/index.php\/wp-json\/wp\/v2\/pages\/49","targetHints":{"allow":["GET"]}}],"collection":[{"href":"http:\/\/www.tradycja-swidnica.org.pl\/index.php\/wp-json\/wp\/v2\/pages"}],"about":[{"href":"http:\/\/www.tradycja-swidnica.org.pl\/index.php\/wp-json\/wp\/v2\/types\/page"}],"author":[{"embeddable":true,"href":"http:\/\/www.tradycja-swidnica.org.pl\/index.php\/wp-json\/wp\/v2\/users\/1"}],"replies":[{"embeddable":true,"href":"http:\/\/www.tradycja-swidnica.org.pl\/index.php\/wp-json\/wp\/v2\/comments?post=49"}],"version-history":[{"count":7,"href":"http:\/\/www.tradycja-swidnica.org.pl\/index.php\/wp-json\/wp\/v2\/pages\/49\/revisions"}],"predecessor-version":[{"id":612,"href":"http:\/\/www.tradycja-swidnica.org.pl\/index.php\/wp-json\/wp\/v2\/pages\/49\/revisions\/612"}],"wp:featuredmedia":[{"embeddable":true,"href":"http:\/\/www.tradycja-swidnica.org.pl\/index.php\/wp-json\/wp\/v2\/media\/108"}],"wp:attachment":[{"href":"http:\/\/www.tradycja-swidnica.org.pl\/index.php\/wp-json\/wp\/v2\/media?parent=49"}],"curies":[{"name":"wp","href":"https:\/\/api.w.org\/{rel}","templated":true}]}}